{"id":3736,"date":"2025-02-25T11:14:36","date_gmt":"2025-02-25T10:14:36","guid":{"rendered":"https:\/\/www.horizontcare.de\/?page_id=3736"},"modified":"2026-01-25T12:59:11","modified_gmt":"2026-01-25T11:59:11","slug":"juna","status":"publish","type":"page","link":"https:\/\/www.horizontcare.de\/?page_id=3736","title":{"rendered":"Juna"},"content":{"rendered":"\n<p>Name: P\u00fcppi vom Bruegmannshof<br>WT: 31.01.2023<br>Vater: Evidog Twister<br>Mutter: Bele vom Bruegmannshof<br>Link zum <a href=\"https:\/\/grc.pedigreedatenbank.de\/pedigree.php?id=53627\">Stammbaum (extern)<\/a><br><strong>Geplanter H-Wurf in 2026<\/strong><\/p>\n\n\n\n<figure class=\"wp-block-image size-large\"><a href=\"https:\/\/www.horizontcare.de\/wp-content\/uploads\/2026\/01\/TZ6_1329_1280.jpg\"><img loading=\"lazy\" decoding=\"async\" width=\"1024\" height=\"682\" src=\"https:\/\/www.horizontcare.de\/wp-content\/uploads\/2026\/01\/TZ6_1329_1280-1024x682.jpg\" alt=\"\" class=\"wp-image-4591\" srcset=\"https:\/\/www.horizontcare.de\/wp-content\/uploads\/2026\/01\/TZ6_1329_1280-1024x682.jpg 1024w, https:\/\/www.horizontcare.de\/wp-content\/uploads\/2026\/01\/TZ6_1329_1280-300x200.jpg 300w, https:\/\/www.horizontcare.de\/wp-content\/uploads\/2026\/01\/TZ6_1329_1280-768x512.jpg 768w, https:\/\/www.horizontcare.de\/wp-content\/uploads\/2026\/01\/TZ6_1329_1280.jpg 1280w\" sizes=\"auto, (max-width: 1024px) 100vw, 1024px\" \/><\/a><figcaption class=\"wp-element-caption\">Januar 2026 \u2013 Juna ist eine unbeschreiblich lebensfrohe, immer gut gelaunte, st\u00fcrmisch-liebevolle und absolut verschmuste H\u00fcndin, die keine Fremden kennt, sondern nur Freunde, die sie noch nicht kennengelernt hat. Ihrem Namen in den Papieren, &#8222;P\u00fcppi&#8220;, macht die kleine Maus damit alle Ehre.<\/figcaption><\/figure>\n\n\n\n<figure class=\"wp-block-image size-large\"><a href=\"https:\/\/www.horizontcare.de\/wp-content\/uploads\/2026\/01\/TZ6_1371_1280.jpg\"><img loading=\"lazy\" decoding=\"async\" width=\"1024\" height=\"682\" src=\"https:\/\/www.horizontcare.de\/wp-content\/uploads\/2026\/01\/TZ6_1371_1280-1024x682.jpg\" alt=\"\" class=\"wp-image-4595\" srcset=\"https:\/\/www.horizontcare.de\/wp-content\/uploads\/2026\/01\/TZ6_1371_1280-1024x682.jpg 1024w, https:\/\/www.horizontcare.de\/wp-content\/uploads\/2026\/01\/TZ6_1371_1280-300x200.jpg 300w, https:\/\/www.horizontcare.de\/wp-content\/uploads\/2026\/01\/TZ6_1371_1280-768x512.jpg 768w, https:\/\/www.horizontcare.de\/wp-content\/uploads\/2026\/01\/TZ6_1371_1280.jpg 1280w\" sizes=\"auto, (max-width: 1024px) 100vw, 1024px\" \/><\/a><figcaption class=\"wp-element-caption\">Januar 2026<\/figcaption><\/figure>\n\n\n\n<figure class=\"wp-block-image size-large\"><a href=\"https:\/\/www.horizontcare.de\/wp-content\/uploads\/2025\/06\/TZ9_3995_1920_Credits_Timon_Kronenberg.jpg\"><img loading=\"lazy\" decoding=\"async\" width=\"1024\" height=\"683\" src=\"https:\/\/www.horizontcare.de\/wp-content\/uploads\/2025\/06\/TZ9_3995_1920_Credits_Timon_Kronenberg-1024x683.jpg\" alt=\"\" class=\"wp-image-4119\" srcset=\"https:\/\/www.horizontcare.de\/wp-content\/uploads\/2025\/06\/TZ9_3995_1920_Credits_Timon_Kronenberg-1024x683.jpg 1024w, https:\/\/www.horizontcare.de\/wp-content\/uploads\/2025\/06\/TZ9_3995_1920_Credits_Timon_Kronenberg-300x200.jpg 300w, https:\/\/www.horizontcare.de\/wp-content\/uploads\/2025\/06\/TZ9_3995_1920_Credits_Timon_Kronenberg-768x512.jpg 768w, https:\/\/www.horizontcare.de\/wp-content\/uploads\/2025\/06\/TZ9_3995_1920_Credits_Timon_Kronenberg-1536x1024.jpg 1536w, https:\/\/www.horizontcare.de\/wp-content\/uploads\/2025\/06\/TZ9_3995_1920_Credits_Timon_Kronenberg-1320x880.jpg 1320w, https:\/\/www.horizontcare.de\/wp-content\/uploads\/2025\/06\/TZ9_3995_1920_Credits_Timon_Kronenberg.jpg 1920w\" sizes=\"auto, (max-width: 1024px) 100vw, 1024px\" \/><\/a><figcaption class=\"wp-element-caption\">Juna inmitten der Welpen von Zeldas <a href=\"https:\/\/www.horizontcare.de\/?page_id=3847\" data-type=\"page\" data-id=\"3847\">G-Wurf<\/a> (2025) \u2013 sie liebte es mit den Kleinen zu spielen. Es sind in der Dokumentation des Wurfes weitere Aufnahmen zu sehen, die auch Juna zeigen.<\/figcaption><\/figure>\n\n\n\n<figure class=\"wp-block-image size-large\"><a href=\"https:\/\/www.horizontcare.de\/wp-content\/uploads\/2025\/02\/TZ6_1243.jpg\"><img loading=\"lazy\" decoding=\"async\" width=\"1024\" height=\"681\" src=\"https:\/\/www.horizontcare.de\/wp-content\/uploads\/2025\/02\/TZ6_1243-1024x681.jpg\" alt=\"\" class=\"wp-image-3738\" srcset=\"https:\/\/www.horizontcare.de\/wp-content\/uploads\/2025\/02\/TZ6_1243-1024x681.jpg 1024w, https:\/\/www.horizontcare.de\/wp-content\/uploads\/2025\/02\/TZ6_1243-300x200.jpg 300w, https:\/\/www.horizontcare.de\/wp-content\/uploads\/2025\/02\/TZ6_1243-768x511.jpg 768w, https:\/\/www.horizontcare.de\/wp-content\/uploads\/2025\/02\/TZ6_1243-1536x1022.jpg 1536w, https:\/\/www.horizontcare.de\/wp-content\/uploads\/2025\/02\/TZ6_1243-1320x878.jpg 1320w, https:\/\/www.horizontcare.de\/wp-content\/uploads\/2025\/02\/TZ6_1243.jpg 2000w\" sizes=\"auto, (max-width: 1024px) 100vw, 1024px\" \/><\/a><figcaption class=\"wp-element-caption\">Juna liebt die Ostsee und apportiert sehr gern. Sehr beeindruckt hatte uns, dass sie im Wesenstest nach den Sch\u00fcssen nicht nur mutig in Richtung des Sch\u00fctzen gerannt war, sondern sogar das Dummy apportierte.<\/figcaption><\/figure>\n\n\n\n<figure class=\"wp-block-image size-large\"><a href=\"https:\/\/www.horizontcare.de\/wp-content\/uploads\/2025\/02\/TZ6_1735.jpg\"><img loading=\"lazy\" decoding=\"async\" width=\"1024\" height=\"681\" src=\"https:\/\/www.horizontcare.de\/wp-content\/uploads\/2025\/02\/TZ6_1735-1024x681.jpg\" alt=\"\" class=\"wp-image-3737\" srcset=\"https:\/\/www.horizontcare.de\/wp-content\/uploads\/2025\/02\/TZ6_1735-1024x681.jpg 1024w, https:\/\/www.horizontcare.de\/wp-content\/uploads\/2025\/02\/TZ6_1735-300x200.jpg 300w, https:\/\/www.horizontcare.de\/wp-content\/uploads\/2025\/02\/TZ6_1735-768x511.jpg 768w, https:\/\/www.horizontcare.de\/wp-content\/uploads\/2025\/02\/TZ6_1735-1536x1022.jpg 1536w, https:\/\/www.horizontcare.de\/wp-content\/uploads\/2025\/02\/TZ6_1735-1320x878.jpg 1320w, https:\/\/www.horizontcare.de\/wp-content\/uploads\/2025\/02\/TZ6_1735.jpg 2000w\" sizes=\"auto, (max-width: 1024px) 100vw, 1024px\" \/><\/a><\/figure>\n\n\n\n<figure class=\"wp-block-image size-large\"><a href=\"https:\/\/www.horizontcare.de\/wp-content\/uploads\/2025\/02\/TZ9_7050.jpg\"><img loading=\"lazy\" decoding=\"async\" width=\"1024\" height=\"682\" src=\"https:\/\/www.horizontcare.de\/wp-content\/uploads\/2025\/02\/TZ9_7050-1024x682.jpg\" alt=\"\" class=\"wp-image-3766\" srcset=\"https:\/\/www.horizontcare.de\/wp-content\/uploads\/2025\/02\/TZ9_7050-1024x682.jpg 1024w, https:\/\/www.horizontcare.de\/wp-content\/uploads\/2025\/02\/TZ9_7050-300x200.jpg 300w, https:\/\/www.horizontcare.de\/wp-content\/uploads\/2025\/02\/TZ9_7050-768x512.jpg 768w, https:\/\/www.horizontcare.de\/wp-content\/uploads\/2025\/02\/TZ9_7050.jpg 1280w\" sizes=\"auto, (max-width: 1024px) 100vw, 1024px\" \/><\/a><\/figure>\n\n\n\n<p><strong>FDW 04.05.2024<\/strong> (Itzehoe)<br><strong>M\u00e4ngel<\/strong>: keine<br><strong>Beurteilung<\/strong>: Die 15 Monate alte H\u00fcndin zeigt sich heute verspielt und mit sehr viel Sicherheit und Zutrauen gegen\u00fcber Artgenossen. Ihre jagdlichen Eigenschaften waren sehr sch\u00f6n erkennbar, wobei der Beutetrieb \u00fcber dem Bringtrieb stand. Verspielt und offen gegen\u00fcber Fremdpersonen und der Richterin. Sehr aufmerksam und f\u00fchrig verhielt sie sich gegen\u00fcber ihren Hundef\u00fchrern und strahlte eine gro\u00dfe innere Sicherheit aus. Selbstst\u00e4ndig erkundete sie sehr interessiert die optischen und akustischen Umwelteinfl\u00fcsse. An allen drei Sch\u00fcssen zeigte sie sich interessiert und apportierte die Dummys zu ihren Hundef\u00fchrern. Die H\u00fcndin Juna ist schussfest.<br><strong>Schussfestigkeit:<\/strong> ja<strong><br>Meldung zur ZZL m\u00f6glich<\/strong>: ja<\/p>\n\n\n\n<p><strong>Formwert 04.05.2024<\/strong> (Itzehoe)<br><strong>Schulterh\u00f6he<\/strong>: 53<br><strong>M\u00e4ngel<\/strong>: keine<br><strong>Zuchtauflagen<\/strong>: keine<br><strong>Beurteilung<\/strong>: Temperamentvolle freundliche H\u00fcndin, die sich mit viel Schub und Raumgriff bewegt, femininer Kopf und Ausdruck, Hals von richtiger L\u00e4nge, trocken, gute Brustbreite und Tiefe, etwas wenig Vorbrust, gerade obere Linie, passende Knochenst\u00e4rke, Katzenpfoten, gut geschlossenes kerniges Wesen.<br><strong>\u00c4ngstlichkeit<\/strong>: nein<br><strong>Aggressivit\u00e4t<\/strong>: nein<br><strong>Formwertnote<\/strong>: Vorz\u00fcglich<\/p>\n\n\n\n<p><strong>Untersuchungen<\/strong>:<br>Augenuntersuchung AU:2024 (01.07.2024)<br>Ellenbogen ED-0\/0 (08.03.2024)<br>H\u00fcfte HD-A1\/A1 (08.03.2024)<br>Kataract HC-frei<br>PRA PRA-frei<br>Retina-Dysplasie RD-frei<\/p>\n\n\n\n<p><strong>DNA-<\/strong>Profil wurde bereits erstellt.<\/p>\n\n\n\n<p><strong>Ausstellungen<\/strong>:<br>09.05.2024 SRA in Renzow: sehr gut, 3. Platz (Jugendklasse)<br>31.05.2025 SRA in Renzow: sehr gut (offene Klasse)<\/p>\n\n\n\n<p><strong>Zuchtzulassung<\/strong>:<br>beim GRC liegt vor<br><br><strong>W\u00fcrfe<\/strong>:<br>noch keine<\/p>\n\n\n\n<p class=\"has-text-align-center\"><a href=\"https:\/\/www.horizontcare.de\/?page_id=3708\" data-type=\"page\" data-id=\"3708\">zur\u00fcck<\/a><\/p>\n\n\n\n<p class=\"has-text-align-right\">Fotos: Timon Kronenberg<\/p>\n","protected":false},"excerpt":{"rendered":"<p>Name: P\u00fcppi vom BruegmannshofWT: 31.01.2023Vater: Evidog TwisterMutter: Bele vom BruegmannshofLink zum Stammbaum (extern)Geplanter H-Wurf in 2026 FDW 04.05.2024 (Itzehoe)M\u00e4ngel: keineBeurteilung: Die 15 Monate alte H\u00fcndin zeigt sich heute verspielt und mit sehr viel Sicherheit und Zutrauen gegen\u00fcber Artgenossen. Ihre jagdlichen Eigenschaften waren sehr sch\u00f6n erkennbar, wobei der Beutetrieb \u00fcber dem Bringtrieb stand. Verspielt und offen [&hellip;]<\/p>\n","protected":false},"author":2,"featured_media":0,"parent":0,"menu_order":0,"comment_status":"closed","ping_status":"closed","template":"","meta":{"footnotes":""},"class_list":["post-3736","page","type-page","status-publish","hentry"],"_links":{"self":[{"href":"https:\/\/www.horizontcare.de\/index.php?rest_route=\/wp\/v2\/pages\/3736","targetHints":{"allow":["GET"]}}],"collection":[{"href":"https:\/\/www.horizontcare.de\/index.php?rest_route=\/wp\/v2\/pages"}],"about":[{"href":"https:\/\/www.horizontcare.de\/index.php?rest_route=\/wp\/v2\/types\/page"}],"author":[{"embeddable":true,"href":"https:\/\/www.horizontcare.de\/index.php?rest_route=\/wp\/v2\/users\/2"}],"replies":[{"embeddable":true,"href":"https:\/\/www.horizontcare.de\/index.php?rest_route=%2Fwp%2Fv2%2Fcomments&post=3736"}],"version-history":[{"count":13,"href":"https:\/\/www.horizontcare.de\/index.php?rest_route=\/wp\/v2\/pages\/3736\/revisions"}],"predecessor-version":[{"id":4607,"href":"https:\/\/www.horizontcare.de\/index.php?rest_route=\/wp\/v2\/pages\/3736\/revisions\/4607"}],"wp:attachment":[{"href":"https:\/\/www.horizontcare.de\/index.php?rest_route=%2Fwp%2Fv2%2Fmedia&parent=3736"}],"curies":[{"name":"wp","href":"https:\/\/api.w.org\/{rel}","templated":true}]}}