{"id":3717,"date":"2025-02-25T10:44:42","date_gmt":"2025-02-25T09:44:42","guid":{"rendered":"https:\/\/www.horizontcare.de\/?page_id=3717"},"modified":"2025-06-23T16:04:39","modified_gmt":"2025-06-23T14:04:39","slug":"zelda","status":"publish","type":"page","link":"https:\/\/www.horizontcare.de\/?page_id=3717","title":{"rendered":"Zelda"},"content":{"rendered":"\n<p>Name: Neele vom Bruegmannshof<br>WT: 13.10.2021<br>Vater: Golden Eisb\u00e4r Balou vom Kr\u00e4merwald<br>Mutter: Gretel vom Bruegmannshof<br>Link zum <a href=\"https:\/\/grc.pedigreedatenbank.de\/pedigree.php?id=50670\" data-type=\"link\" data-id=\"https:\/\/grc.pedigreedatenbank.de\/pedigree.php?id=50670\" target=\"_blank\" rel=\"noreferrer noopener\">Stammbaum (extern)<\/a><\/p>\n\n\n\n<p>Mutter unseres <a href=\"https:\/\/www.horizontcare.de\/?page_id=3847\" data-type=\"page\" data-id=\"3847\">G-Wurfs 2025<\/a><\/p>\n\n\n\n<figure class=\"wp-block-image size-large\"><a href=\"https:\/\/www.horizontcare.de\/wp-content\/uploads\/2025\/02\/threema-20250209-214456584.jpg\"><img loading=\"lazy\" decoding=\"async\" width=\"1024\" height=\"683\" src=\"https:\/\/www.horizontcare.de\/wp-content\/uploads\/2025\/02\/threema-20250209-214456584-1024x683.jpg\" alt=\"\" class=\"wp-image-3713\" srcset=\"https:\/\/www.horizontcare.de\/wp-content\/uploads\/2025\/02\/threema-20250209-214456584-1024x683.jpg 1024w, https:\/\/www.horizontcare.de\/wp-content\/uploads\/2025\/02\/threema-20250209-214456584-300x200.jpg 300w, https:\/\/www.horizontcare.de\/wp-content\/uploads\/2025\/02\/threema-20250209-214456584-768x512.jpg 768w, https:\/\/www.horizontcare.de\/wp-content\/uploads\/2025\/02\/threema-20250209-214456584-1536x1024.jpg 1536w, https:\/\/www.horizontcare.de\/wp-content\/uploads\/2025\/02\/threema-20250209-214456584-1320x880.jpg 1320w, https:\/\/www.horizontcare.de\/wp-content\/uploads\/2025\/02\/threema-20250209-214456584.jpg 1731w\" sizes=\"auto, (max-width: 1024px) 100vw, 1024px\" \/><\/a><\/figure>\n\n\n\n<figure class=\"wp-block-image size-large\"><a href=\"https:\/\/www.horizontcare.de\/wp-content\/uploads\/2025\/02\/threema-20250209-214442435.jpg\"><img loading=\"lazy\" decoding=\"async\" width=\"1024\" height=\"683\" src=\"https:\/\/www.horizontcare.de\/wp-content\/uploads\/2025\/02\/threema-20250209-214442435-1024x683.jpg\" alt=\"\" class=\"wp-image-3714\" srcset=\"https:\/\/www.horizontcare.de\/wp-content\/uploads\/2025\/02\/threema-20250209-214442435-1024x683.jpg 1024w, https:\/\/www.horizontcare.de\/wp-content\/uploads\/2025\/02\/threema-20250209-214442435-300x200.jpg 300w, https:\/\/www.horizontcare.de\/wp-content\/uploads\/2025\/02\/threema-20250209-214442435-768x512.jpg 768w, https:\/\/www.horizontcare.de\/wp-content\/uploads\/2025\/02\/threema-20250209-214442435-1536x1024.jpg 1536w, https:\/\/www.horizontcare.de\/wp-content\/uploads\/2025\/02\/threema-20250209-214442435-1320x880.jpg 1320w, https:\/\/www.horizontcare.de\/wp-content\/uploads\/2025\/02\/threema-20250209-214442435.jpg 1731w\" sizes=\"auto, (max-width: 1024px) 100vw, 1024px\" \/><\/a><\/figure>\n\n\n\n<p><strong>Formwert 03.04.2023<\/strong>&nbsp;(Todendorf)<br><strong>Schulterh\u00f6he<\/strong>: 53<br><strong>Beurteilung<\/strong>: Sanfte 1 \u00bd j\u00e4hrige temperamentvolle H\u00fcndin, die sich mit viel Tempo bewegt, vorz\u00fcgl. Pigment, top Knochenst\u00e4rke, sehr gute Halsl\u00e4nge, gerade obere Linie, vorz. Vor- u. Hinterhandwinkelung,  feste Pfoten, doppeltes, sehr gutes Haarkleid, eine H\u00fcndin mit Potenzial.<br><strong>Formwertnote<\/strong>: Vorz\u00fcglich<\/p>\n\n\n\n<p><strong>Untersuchungen<\/strong>:<br>Augenuntersuchung AU: 2024 (01.07.2024)<br>Ellenbogen ED-0\/0 (11.03.2023)<br>H\u00fcfte HD-A2\/A2 (11.03.2023)<br>Kataract HC-frei<br>PRA PRA-frei<br>Retina-Dysplasie RD-frei<\/p>\n\n\n\n<p><strong>Gentest<\/strong>:<br>GR PRA1 N\/N<br>GR PRA2 N\/N<br>ICT-A N\/N<br>NCL-PCR N\/N<br>MD-PCR N\/N<br>prcd-PRA N\/N (A, frei)<\/p>\n\n\n\n<p><strong>DNA-Hinterlegung<\/strong> (12.11.2024)<\/p>\n\n\n\n<p><strong>Zuchtzulassung<\/strong>:<br>im Verband: GRC-ZZL (12.11.2024)<br><br><strong>W\u00fcrfe<\/strong>:<br>1. Wurf: 25.04.2025 (<a href=\"https:\/\/www.horizontcare.de\/?page_id=3847\" data-type=\"page\" data-id=\"3847\">G-Wurf<\/a>)<\/p>\n\n\n\n<p class=\"has-text-align-center\"><a href=\"https:\/\/www.horizontcare.de\/?page_id=3708\" data-type=\"page\" data-id=\"3708\">zur\u00fcck<\/a><\/p>\n\n\n\n<p class=\"has-text-align-right\">Fotos: Eike Pohl<\/p>\n","protected":false},"excerpt":{"rendered":"<p>Name: Neele vom BruegmannshofWT: 13.10.2021Vater: Golden Eisb\u00e4r Balou vom Kr\u00e4merwaldMutter: Gretel vom BruegmannshofLink zum Stammbaum (extern) Mutter unseres G-Wurfs 2025 Formwert 03.04.2023&nbsp;(Todendorf)Schulterh\u00f6he: 53Beurteilung: Sanfte 1 \u00bd j\u00e4hrige temperamentvolle H\u00fcndin, die sich mit viel Tempo bewegt, vorz\u00fcgl. Pigment, top Knochenst\u00e4rke, sehr gute Halsl\u00e4nge, gerade obere Linie, vorz. Vor- u. Hinterhandwinkelung, feste Pfoten, doppeltes, sehr gutes Haarkleid, [&hellip;]<\/p>\n","protected":false},"author":2,"featured_media":0,"parent":0,"menu_order":0,"comment_status":"closed","ping_status":"closed","template":"","meta":{"footnotes":""},"class_list":["post-3717","page","type-page","status-publish","hentry"],"_links":{"self":[{"href":"https:\/\/www.horizontcare.de\/index.php?rest_route=\/wp\/v2\/pages\/3717","targetHints":{"allow":["GET"]}}],"collection":[{"href":"https:\/\/www.horizontcare.de\/index.php?rest_route=\/wp\/v2\/pages"}],"about":[{"href":"https:\/\/www.horizontcare.de\/index.php?rest_route=\/wp\/v2\/types\/page"}],"author":[{"embeddable":true,"href":"https:\/\/www.horizontcare.de\/index.php?rest_route=\/wp\/v2\/users\/2"}],"replies":[{"embeddable":true,"href":"https:\/\/www.horizontcare.de\/index.php?rest_route=%2Fwp%2Fv2%2Fcomments&post=3717"}],"version-history":[{"count":10,"href":"https:\/\/www.horizontcare.de\/index.php?rest_route=\/wp\/v2\/pages\/3717\/revisions"}],"predecessor-version":[{"id":4367,"href":"https:\/\/www.horizontcare.de\/index.php?rest_route=\/wp\/v2\/pages\/3717\/revisions\/4367"}],"wp:attachment":[{"href":"https:\/\/www.horizontcare.de\/index.php?rest_route=%2Fwp%2Fv2%2Fmedia&parent=3717"}],"curies":[{"name":"wp","href":"https:\/\/api.w.org\/{rel}","templated":true}]}}