{"id":32,"date":"2012-03-02T19:29:25","date_gmt":"2012-03-02T19:29:25","guid":{"rendered":"http:\/\/s384029109.online.de\/?page_id=32"},"modified":"2025-11-03T11:44:28","modified_gmt":"2025-11-03T10:44:28","slug":"kontakt","status":"publish","type":"page","link":"https:\/\/www.horizontcare.de\/?page_id=32","title":{"rendered":"Kontakt"},"content":{"rendered":"<p style=\"text-align: left;\"><img loading=\"lazy\" decoding=\"async\" class=\"aligncenter wp-image-3144 size-full\" src=\"https:\/\/www.horizontcare.de\/wp-content\/uploads\/2021\/10\/DSC_4065_Zuschnittvariante_1000.jpg\" alt=\"Ein Foto von einer Gruppe bestehend aus f\u00fcnf Personen, die freundlich l\u00e4cheln.\" width=\"1024\" height=\"381\" srcset=\"https:\/\/www.horizontcare.de\/wp-content\/uploads\/2021\/10\/DSC_4065_Zuschnittvariante_1000.jpg 1024w, https:\/\/www.horizontcare.de\/wp-content\/uploads\/2021\/10\/DSC_4065_Zuschnittvariante_1000-300x112.jpg 300w, https:\/\/www.horizontcare.de\/wp-content\/uploads\/2021\/10\/DSC_4065_Zuschnittvariante_1000-768x286.jpg 768w\" sizes=\"auto, (max-width: 1024px) 100vw, 1024px\" \/><br \/>\n<strong><br \/>\nHorizontCare \u2013 famili\u00e4r versorgt!<\/strong><br \/>\nAmbulante Gesundheits- und Krankenpflege\u00a0Detlef R. Pohl<br \/>\nAlte Wache \u00b7 Am Markt 9<br \/>\n23909 Ratzeburg<span style=\"color: #cc3300;\"><br \/>\n<\/span><\/p>\n<p><strong><a href=\"https:\/\/www.horizontcare.de\/?page_id=2398\">H\u00e4ufig gestellte Fragen (FAQs)<\/a><\/strong><\/p>\n<p style=\"text-align: left;\"><strong>Sprechzeiten<br \/>\nvor Ort:<\/strong> Mo-Do i.d.R. 9 bis 13 Uhr, Fr nach Vereinbarung<br \/>\n<strong>Telefon (Mo-Fr von 9 bis 16 Uhr)<\/strong>:<br \/>\n<a href=\"tel:045418953305\">04541 89 53 305<\/a> (24h-Notdienst-Erreichbarkeit f\u00fcr Kunden)<\/p>\n<p><strong>TI-Adresse f\u00fcr Gesundheitsakteure (KIM):<\/strong><br \/>\nhorizontcare@mail.kim.telematik<\/p>\n<p><strong>E-Mail<\/strong>: <a href=\"mailto:info@horizontcare.de\" target=\"_blank\" rel=\"noopener noreferrer\">info@horizontcare.de<\/a><br \/>\n<strong>Internet<\/strong>: <a href=\"https:\/\/www.horizontcare.de\">www.horizontcare.de<\/a><br \/>\n<strong>Telefax<\/strong>: (04541) 89 53 306<\/p>\n<hr \/>\n<p style=\"text-align: left;\"><strong>Inhaltlich verantwortlich:<\/strong><br \/>\nInhaber:\u00a0Detlef R. Pohl (Pflegedienstleiter, staatl. anerkannt)<\/p>\n<hr \/>\n<p><strong>Mitglied im <a href=\"http:\/\/www.bpa.de\" target=\"_blank\" rel=\"noopener noreferrer\">Bundesverband privater Anbieter sozialer Dienste<\/a><\/strong><\/p>\n<p><strong>Kooperationspartner der UKSH Akademie<\/strong><\/p>\n<p style=\"text-align: left;\">Betriebsnummer: 24473041<br \/>\nInstitutionskennzeichen: 460 108 793<br \/>\nSteuernummer: 27\/081\/13854<br \/>\nFinanzamt Ratzeburg<\/p>\n<hr \/>\n<p style=\"text-align: left;\"><strong>Datenschutz<\/strong><br \/>\nUnsere <a href=\"https:\/\/www.horizontcare.de\/?page_id=529\">Hinweise zum Datenschutz<br \/>\n<\/a>E-Mail: <a href=\"mailto:datenschutz@horizontcare.de\">datenschutz@horizontcare.de<\/a><\/p>\n<p style=\"text-align: left;\"><strong>Medizinproduktesicherheit<\/strong><br \/>\nBeauftragter gem\u00e4\u00df \u00a7 5 Medizinprodukte-Betreiberverordnung<br \/>\nE-Mail: <a href=\"mailto:betreiberbeauftragter@horizontcare.de\">betreiberbeauftragter@horizontcare.de<\/a><\/p>\n<hr \/>\n<p><strong>Online-Streitbeilegung<\/strong><br \/>\nDie Europ\u00e4ische Kommission stellt unter\u00a0<a href=\"http:\/\/ec.europa.eu\/consumers\/odr\">http:\/\/ec.europa.eu\/consumers\/odr<\/a> eine Plattform zur au\u00dfergerichtlichen Online-Streitbeilegung bereit. Gem\u00e4\u00df \u00a7 36 VSBG weisen wir Sie darauf hin, dass wir zur Teilnahme an einem Streitschlichtungsverfahren vor einer Verbraucherschlichtungsstelle nicht verpflichtet sind und an einem solchen Verfahren nicht teilnehmen.<\/p>\n<hr \/>\n<p style=\"text-align: left;\"><strong>Hinweis<\/strong><br \/>\nAlle Texte und Fotos auf dieser Seite sind urheberrechtlich gesch\u00fctzt. Eine weitere Nutzung (auch auszugsweise) ohne vorheriges Einverst\u00e4ndnis ist unzul\u00e4ssig.<\/p>\n<p style=\"text-align: left;\"><strong>Bildnachweis<\/strong><br \/>\nFotos: Timon Kronenberg<\/p>\n","protected":false},"excerpt":{"rendered":"<p>HorizontCare \u2013 famili\u00e4r versorgt! Ambulante Gesundheits- und Krankenpflege\u00a0Detlef R. Pohl Alte Wache \u00b7 Am Markt 9 23909 Ratzeburg H\u00e4ufig gestellte Fragen (FAQs) Sprechzeiten vor Ort: Mo-Do i.d.R. 9 bis 13 Uhr, Fr nach Vereinbarung Telefon (Mo-Fr von 9 bis 16 Uhr): 04541 89 53 305 (24h-Notdienst-Erreichbarkeit f\u00fcr Kunden) TI-Adresse f\u00fcr Gesundheitsakteure (KIM): horizontcare@mail.kim.telematik E-Mail: info@horizontcare.de [&hellip;]<\/p>\n","protected":false},"author":2,"featured_media":0,"parent":0,"menu_order":0,"comment_status":"closed","ping_status":"closed","template":"","meta":{"footnotes":""},"class_list":["post-32","page","type-page","status-publish","hentry"],"_links":{"self":[{"href":"https:\/\/www.horizontcare.de\/index.php?rest_route=\/wp\/v2\/pages\/32","targetHints":{"allow":["GET"]}}],"collection":[{"href":"https:\/\/www.horizontcare.de\/index.php?rest_route=\/wp\/v2\/pages"}],"about":[{"href":"https:\/\/www.horizontcare.de\/index.php?rest_route=\/wp\/v2\/types\/page"}],"author":[{"embeddable":true,"href":"https:\/\/www.horizontcare.de\/index.php?rest_route=\/wp\/v2\/users\/2"}],"replies":[{"embeddable":true,"href":"https:\/\/www.horizontcare.de\/index.php?rest_route=%2Fwp%2Fv2%2Fcomments&post=32"}],"version-history":[{"count":184,"href":"https:\/\/www.horizontcare.de\/index.php?rest_route=\/wp\/v2\/pages\/32\/revisions"}],"predecessor-version":[{"id":4478,"href":"https:\/\/www.horizontcare.de\/index.php?rest_route=\/wp\/v2\/pages\/32\/revisions\/4478"}],"wp:attachment":[{"href":"https:\/\/www.horizontcare.de\/index.php?rest_route=%2Fwp%2Fv2%2Fmedia&parent=32"}],"curies":[{"name":"wp","href":"https:\/\/api.w.org\/{rel}","templated":true}]}}